215?
43
What is the greatest common factor of 160 and 440?
40
Calculate the greatest common factor of 32 and 2592.
32
Calculate the highest common divisor of 1530 and 20196.
306
What is the greatest common divisor of 91 and 1169?
7
What is the highest common factor of 22 and 22?
22
What is the greatest common factor of 22 and 18?
2
Calculate the greatest common divisor of 26 and 13247.
13
Calculate the greatest common factor of 3100 and 10.
10
What is the highest common factor of 176 and 240?
16
What is the greatest common factor of 81 and 54?
27
What is the greatest common divisor of 3625 and 145?
145
What is the greatest common factor of 156 and 104?
52
Calculate the highest common factor of 26 and 1846.
26
What is the greatest common divisor of 315 and 120?
15
Calculate the highest common factor of 198 and 162.
18
What is the greatest common divisor of 147 and 9744?
21
Calculate the highest common factor of 30 and 2055.
15
What is the greatest common factor of 2835 and 45?
45
What is the highest common divisor of 43424 and 118?
118
Calculate the highest common factor of 1 and 1723.
1
What is the highest common divisor of 287 and 28?
7
Calculate the greatest common divisor of 15204 and 84.
84
What is the highest common divisor of 568 and 7668?
284
What is the highest common divisor of 20 and 12560?
20
Calculate the greatest common factor of 49980 and 170.
170
Calculate the greatest common divisor of 81 and 144.
9
What is the highest common divisor of 832 and 936?
104
What is the greatest common divisor of 3672 and 255?
51
What is the greatest common divisor of 20 and 11540?
20
Calculate the highest common divisor of 38 and 10583.
19
Calculate the highest common divisor of 49 and 4018.
49
What is the greatest common factor of 59 and 1534?
59
What is the highest common divisor of 10 and 674?
2
What is the greatest common factor of 54 and 594?
54
Calculate the highest common factor of 175 and 25.
25
Calculate the highest common factor of 2304 and 90.
18
Calculate the highest common factor of 26 and 39.
13
What is the highest common factor of 10770 and 90?
30
Calculate the highest common divisor of 5317 and 13.
13
Calculate the highest common factor of 737 and 268.
67
What is the highest common divisor of 18 and 18?
18
What is the highest common divisor of 71 and 1?
1
Calculate the greatest common divisor of 243 and 9.
9
Calculate the highest common divisor of 56 and 1372.
28
What is the greatest common divisor of 99 and 715?
11
What is the highest common divisor of 635 and 10?
5
Calculate the greatest common divisor of 86 and 4214.
86
Calculate the highest common divisor of 329 and 28.
7
Calculate the greatest common factor of 848 and 371.
53
What is the greatest common divisor of 48 and 84?
12
What is the highest common factor of 29 and 783?
29
Calculate the greatest common factor of 40 and 440.
40
Calculate the highest common divisor of 31 and 403.
31
What is the greatest common factor of 2117 and 29?
29
What is the highest common divisor of 3638 and 1070?
214
What is the highest common factor of 34 and 2?
2
What is the highest common divisor of 2849 and 1232?
77
Calculate the greatest common factor of 25286 and 94.
94
What is the highest common divisor of 12 and 3027?
3
Calculate the greatest common factor of 5685 and 120.
15
What is the greatest common factor of 6 and 3147?
3
Calculate the highest common factor of 1260 and 24.
12
Calculate the highest common factor of 136 and 884.
68
Calculate the highest common divisor of 36 and 2.
2
What is the greatest common divisor of 112 and 5552?
16
Calculate the highest common factor of 120 and 150.
30
What is the highest common factor of 21 and 40068?
21
Calculate the greatest common factor of 101 and 4141.
101
Calculate the greatest common factor of 70 and 2345.
35
Calculate the highest common factor of 275 and 3375.
25
Calculate the highest common factor of 260 and 13.
13
What is the highest common factor of 217 and 16?
1
Calculate the greatest common factor of 62 and 558.
62
What is the greatest common divisor of 279 and 651?
93
What is the greatest common divisor of 15 and 3375?
15
Calculate the highest common divisor of 143 and 55.
11
What is the greatest common divisor of 44 and 29172?
44
What is the greatest common divisor of 90 and 666?
18
What is the greatest common divisor of 90 and 5490?
90
Calculate the highest common factor of 450 and 50.
50
What is the highest common factor of 3066 and 146?
146
Calculate the greatest common divisor of 2352 and 448.
112
Calculate the greatest common factor of 960 and 204.
12
Calculate the greatest common factor of 4 and 117.
1
Calculate the greatest common factor of 10144 and 4.
4
Calculate the greatest common factor of 27 and 4896.
9
Calculate the highest common factor of 86 and 4.
2
What is the highest common divisor of 237 and 9?
3
Calculate the highest common factor of 72 and 576.
72
What is the highest common divisor of 1462 and 258?
86
Calculate the greatest common divisor of 528 and 144.
48
Calculate the highest common divisor of 104 and 200.
8
What is the greatest common divisor of 472 and 59?
59
What is the greatest common factor of 864 and 64?
32
What is the highest common divisor of 133 and 19?
19
Calculate the greatest common divisor of 121 and 7381.
121
What is the highest common factor of 1102 and 116?
58
What is the greatest common factor of 637 and 52?
13
What is the highest common divisor of 209 and 22?
11
What is the highest common factor of 66 and 9?
3
What is the highest common divisor of 209 and 1349?
19
What is the highest common factor of 176 and 55?
11
What is the greatest common divisor of 2448 and 576?
144
What is the greatest common factor of 473 and 4343?
43
What is the greatest common divisor of 944 and 59?
59
What is the highest common factor of 28 and 220?
4
What is the highest common divisor of 2702 and 1158?
386
What is the highest common factor of 16 and 6?
2
Calculate the greatest common divisor of 7686 and 126.
126
Calculate the greatest common factor of 240 and 90.
30
Calculate the highest common divisor of 11 and 11.
11
What is the greatest common factor of 4329 and 63?
9
What is the highest common divisor of 14 and 546?
14
What is the greatest common divisor of 740 and 320?
20
Calculate the highest common divisor of 102 and 11526.
102
What is the greatest common factor of 832 and 1088?
64
Calculate the highest common factor of 85006 and 38.
38
What is the highest common factor of 9 and 963?
9
Calculate the greatest common divisor of 150 and 45.
15
What is the greatest common divisor of 1 and 2753?
1
Calculate the greatest common divisor of 39 and 897.
39
Calculate the greatest common divisor of 150 and 225.
75
Calculate the highest common divisor of 45 and 26955.
45
Calculate the greatest common divisor of 11 and 649.
11
Calculate the greatest common factor of 30437 and 22.
11
What is the highest common divisor of 450 and 18?
18
Calculate the highest common divisor of 18 and 12.
6
What is the highest common factor of 75 and 135?
15
What is the greatest common factor of 1264 and 16?
16
Calculate the greatest common factor of 31243 and 199.
199
Calculate the greatest common divisor of 31 and 9703.
31
Calculate the greatest common factor of 815 and 163.
163
Calculate the highest common factor of 115 and 3680.
115
What is the highest common factor of 515 and 10?
5
Calculate the greatest common divisor of 22 and 407.
11
Calculate the greatest common factor of 259 and 111.
37
What is the highest common factor of 405 and 15?
15
What is the highest common divisor of 69 and 299?
23
Calculate the greatest common factor of 1911 and 39.
39
Calculate the greatest common divisor of 836 and 190.
38
Calculate the highest common factor of 12341 and 35.
7
Calculate the greatest common divisor of 1394 and 374.
34
What is the greatest common factor of 64 and 416?
32
What is the greatest common divisor of 26105 and 115?
115
What is the greatest common factor of 676 and 16?
4
Calculate the greatest common divisor of 273 and 156.
39
What is the highest common divisor of 15928 and 8?
8
What is the highest common divisor of 38 and 304?
38
What is the highest common divisor of 32 and 744?
8
What is the highest common factor of 52800 a